{"id":1029,"date":"2016-12-30T02:01:14","date_gmt":"2016-12-30T02:01:14","guid":{"rendered":"http:\/\/www.valmeyerfca.cl\/gestioninmobiliarias\/?page_id=1029"},"modified":"2017-01-04T03:02:46","modified_gmt":"2017-01-04T03:02:46","slug":"estados-financieros-sistema-de-gestion","status":"publish","type":"page","link":"http:\/\/www.valmeyerfca.cl\/gestioninmobiliarias\/estados-financieros-sistema-de-gestion\/","title":{"rendered":"Estados Financieros Sistema de Gesti\u00f3n"},"content":{"rendered":"<section class=\"wpb-content-wrapper\"><p>[vc_row][vc_column]\n\t\t<div class=\"flat-spacer \" data-desktop=\"80\" data-mobile=\"40\" data-smobile=\"30\">\t\t\t\n\t\t<\/div>[\/vc_column][\/vc_row][vc_row][vc_column width=\u00bb1\/4&#8243;][vc_single_image image=\u00bb1036&#8243; img_size=\u00bbfull\u00bb css_animation=\u00bbfadeInLeft\u00bb css=\u00bb.vc_custom_1483490677247{padding-top: 20px !important;}\u00bb][\/vc_column][vc_column width=\u00bb3\/4&#8243;][vc_column_text]<\/p>\n<h3>Estados Financieros Sistema de Gesti\u00f3n<\/h3>\n<p>Entrega herramientas para la administraci\u00f3n eficiente y completa de las actividades centrales del negocio de la Compa\u00f1\u00eda, incluye contabilidad, clientes, proveedores, conciliaci\u00f3n bancaria, Recursos Humanos, gesti\u00f3n de ventas, Activos Fijos, siendo una poderosa herramienta de reportes. Permite automatizar los procesos comerciales y administrativos de su empresa, abriendo camino para el crecimiento sostenido.<\/p>\n<p>La suite completa, entrega a la compa\u00f1\u00eda herramientas hasta ahora solo disponibles para grandes corporaciones, dando acceso a software equivalente a las soluciones \u201cworld-class\u201d desde el amistoso entorno de la nube. Permite integrar todas las actividades del negocio en forma eficiente y exhaustiva.\u2013 incluyendo el control presupuestario.<\/p>\n<p>[\/vc_column_text][\/vc_column][\/vc_row][vc_row][vc_column][vc_message message_box_color=\u00bbalert-info\u00bb icon_type=\u00bbpixelicons\u00bb icon_pixelicons=\u00bbvc_pixel_icon vc_pixel_icon-tick\u00bb]La gestion Financiera Administra todas las actividades en tiempo real, incluyendo la contabilidad general, la creaci\u00f3n y mantenimiento de cuentas, las entradas en el diario, los ajustes de moneda extranjera y manejo de presupuestos.[\/vc_message][\/vc_column][\/vc_row][vc_row][vc_column][vc_custom_heading text=\u00bbPrincipales Caracter\u00edsticas\u00bb font_container=\u00bbtag:h3|text_align:left\u00bb use_theme_fonts=\u00bbyes\u00bb css=\u00bb.vc_custom_1483070744907{padding-top: 20px !important;padding-bottom: 20px !important;}\u00bb][\/vc_column][\/vc_row][vc_row][vc_column][vc_separator css=\u00bb.vc_custom_1483071290899{padding-top: 20px !important;padding-bottom: 20px !important;}\u00bb][\/vc_column][\/vc_row][vc_row css_animation=\u00bbfadeInUp\u00bb parallax_speed=\u00bb4&#8243; parallax_x=\u00bb4&#8243; parallax_y=\u00bb4&#8243;][vc_column width=\u00bb1\/3&#8243;]<div class=\"iconbox   \">\n\t\t<div class=\"box-header\">\n\t\t\t<div class=\"box-icon\"><img decoding=\"async\" src=\"http:\/\/www.valmeyerfca.cl\/gestioninmobiliarias\/wp-content\/uploads\/2016\/12\/modular-1.jpg\" alt=\"Modular\" \/><\/div>\n\t\t\t<h2 class=\"box-title\">Modular<\/h2>\n\t\t\t\n\t\t<\/div>\n\t\t<div class=\"box-content\">\n\t\t\t<\/p>\n<p style=\"text-align: left\">Una estructura modular es m\u00e1s flexible que una monol\u00edtica y no disminuye la funcionalidad del sistema. Si ayer no necesitaba toda la funcionalidad y no la incluy\u00f3, hacerlo hoy es tan f\u00e1cil como comenzar a ejecutar un programa, nada que reconfigurar, nada que corregir.<\/p>\n<p>\n\t\t\t\n\t\t<\/div>\n\t<\/div>[\/vc_column][vc_column width=\u00bb1\/3&#8243;]<div class=\"iconbox   \">\n\t\t<div class=\"box-header\">\n\t\t\t<div class=\"box-icon\"><img decoding=\"async\" src=\"http:\/\/www.valmeyerfca.cl\/gestioninmobiliarias\/wp-content\/uploads\/2016\/12\/seguro-1.jpg\" alt=\"Seguridad\" \/><\/div>\n\t\t\t<h3 class=\"box-title\">Seguridad<\/h3>\n\t\t\t\n\t\t<\/div>\n\t\t<div class=\"box-content\">\n\t\t\tLa informaci\u00f3n es vital para una empresa y acceder a ella es el sue\u00f1o de la competencia; garantizar que esto no ocurra ha sido una prioridad b\u00e1sica para nosotros. A trav\u00e9s de un completo sistema de derechos y prioridades, se define qui\u00e9n y qu\u00e9 operaciones puede realizar con el sistema, llegando hasta el nivel de opciones del men\u00fa o redise\u00f1o de la pantalla de usuario.\n\t\t\t\n\t\t<\/div>\n\t<\/div>[\/vc_column][vc_column width=\u00bb1\/3&#8243;]<div class=\"iconbox   square\">\n\t\t<div class=\"box-header\">\n\t\t\t<div class=\"box-icon\"><img decoding=\"async\" src=\"http:\/\/www.valmeyerfca.cl\/gestioninmobiliarias\/wp-content\/uploads\/2016\/12\/alto-rendimiento-1.jpg\" alt=\"Confiabilidad\" \/><\/div>\n\t\t\t<h2 class=\"box-title\">Confiabilidad<\/h2>\n\t\t\t\n\t\t<\/div>\n\t\t<div class=\"box-content\">\n\t\t\t<\/p>\n<p style=\"text-align: left\">Un sistema no es \u00fatil si no se puede confiar en sus resultados o en su correcta operaci\u00f3n en todo momento sin importar el n\u00famero de usuarios o lo complejo de las operaciones que realiza.<\/p>\n<p>\n\t\t\t\n\t\t<\/div>\n\t<\/div>[\/vc_column][\/vc_row][vc_row][vc_column][vc_separator css=\u00bb.vc_custom_1483071290899{padding-top: 20px !important;padding-bottom: 20px !important;}\u00bb][\/vc_column][\/vc_row][vc_row][vc_column width=\u00bb1\/4&#8243;][vc_single_image image=\u00bb1052&#8243; img_size=\u00bblarge\u00bb css_animation=\u00bbfadeInLeft\u00bb css=\u00bb.vc_custom_1483499244219{padding-top: 80px !important;}\u00bb][\/vc_column][vc_column width=\u00bb3\/4&#8243;][vc_custom_heading text=\u00bbFacilidad\u00bb font_container=\u00bbtag:h3|text_align:left\u00bb use_theme_fonts=\u00bbyes\u00bb css=\u00bb.vc_custom_1483071839766{padding-bottom: 20px !important;}\u00bb][vc_column_text]<\/p>\n<p style=\"text-align: left;\">Ambiente gr\u00e1fico que aprovecha y se basa en las caracter\u00edsticas y est\u00e1ndares de la Web y Windows, con una operatoria uniforme a trav\u00e9s de todo el sistema. Completamente en Espa\u00f1ol y dise\u00f1ado espec\u00edficamente para la empresa Chilena de forma que su trabajo diario con el sistema sea siempre una conversaci\u00f3n amistosa.<br \/>\nProporciona control sobre la informaci\u00f3n y los procesos de su empresa. Es una herramienta fuertemente orientada a los gerentes de la empresa, la cual prioriza el control de los procesos sobre las funciones.<\/p>\n<p>Es una soluci\u00f3n de gesti\u00f3n de informaci\u00f3n integrada cr\u00edtica para su negocio, ofrece funciones exclusivas como, por ejemplo, navegaci\u00f3n inteligente de datos, \u201cDrag and relate\u201d, potentes herramientas de an\u00e1lisis, gesti\u00f3n financiera en varias monedas e integraci\u00f3n completa con otras aplicaciones.<\/p>\n<p>[\/vc_column_text][\/vc_column][\/vc_row][vc_row][vc_column][vc_message message_box_color=\u00bbturquoise\u00bb icon_type=\u00bbpixelicons\u00bb css_animation=\u00bbfadeInRight\u00bb icon_pixelicons=\u00bbvc_pixel_icon vc_pixel_icon-tick\u00bb]Identifique r\u00e1pidamente los centros de costo y los factores de absorci\u00f3n de gastos generales y genera diariamente balances y estados de resultados.[\/vc_message][\/vc_column][\/vc_row][vc_row parallax_speed=\u00bb4&#8243; parallax_x=\u00bb4&#8243; parallax_y=\u00bb4&#8243; css=\u00bb.vc_custom_1483073532354{padding-top: 30px !important;}\u00bb][vc_column css_animation=\u00bbfadeInLeft\u00bb width=\u00bb1\/2&#8243;]<div class=\"iconbox   circle\">\n\t\t<div class=\"box-header\">\n\t\t\t<div class=\"box-icon\"><img decoding=\"async\" src=\"http:\/\/www.valmeyerfca.cl\/gestioninmobiliarias\/wp-content\/uploads\/2016\/12\/socios.png\" alt=\"Socios de Negocio\" \/><\/div>\n\t\t\t<h2 class=\"box-title\">Socios de Negocio<\/h2>\n\t\t\t\n\t\t<\/div>\n\t\t<div class=\"box-content\">\n\t\t\tOrganiza y monitorea de forma eficaz toda la informaci\u00f3n sobre los clientes, prospectos y proveedores, incluyendo perfiles, res\u00famenes de contactos, saldos de cuentas y an\u00e1lisis de comportamiento.\n\t\t\t\n\t\t<\/div>\n\t<\/div>[\/vc_column][vc_column css_animation=\u00bbfadeInRight\u00bb width=\u00bb1\/2&#8243;]<div class=\"iconbox   \">\n\t\t<div class=\"box-header\">\n\t\t\t<div class=\"box-icon\"><img decoding=\"async\" src=\"http:\/\/www.valmeyerfca.cl\/gestioninmobiliarias\/wp-content\/uploads\/2016\/12\/transacciones-1.jpeg\" alt=\"Transacciones Bancarias\" \/><\/div>\n\t\t\t<h2 class=\"box-title\">Transacciones Bancarias<\/h2>\n\t\t\t\n\t\t<\/div>\n\t\t<div class=\"box-content\">\n\t\t\tGestiona sin esfuerzo todos los procesos de caja, bancos y tesorer\u00eda, como entradas de caja (cobranzas), creaci\u00f3n de cheques, dep\u00f3sitos, pagos por adelantado, pagos con tarjeta de cr\u00e9dito y conciliaci\u00f3n bancaria.\n\t\t\t\n\t\t<\/div>\n\t<\/div>[\/vc_column][\/vc_row][vc_row][vc_column][vc_separator css=\u00bb.vc_custom_1483074444191{padding-top: 50px !important;padding-bottom: 20px !important;}\u00bb][\/vc_column][\/vc_row][vc_row][vc_column][vc_custom_heading text=\u00bbModelos de Gesti\u00f3n\u00bb font_container=\u00bbtag:h3|text_align:center\u00bb use_theme_fonts=\u00bbyes\u00bb][vc_custom_heading text=\u00bb(click para ampliar)\u00bb font_container=\u00bbtag:h5|text_align:center\u00bb use_theme_fonts=\u00bbyes\u00bb css=\u00bb.vc_custom_1483489706283{padding-bottom: 50px !important;}\u00bb][\/vc_column][\/vc_row][vc_row][vc_column][vc_media_grid element_width=\u00bb2&#8243; gap=\u00bb30&#8243; item=\u00bbmediaGrid_FadeInWithIcon\u00bb grid_id=\u00bbvc_gid:1483499207824-eadf317e-7b38-5&#8243; include=\u00bb1079,1080,1081,1099,1101,1109,1111,1113,1115,1117,1122,1124,1126,1128,1130&#8243;][\/vc_column][\/vc_row]<\/p>\n<\/section>","protected":false},"excerpt":{"rendered":"<p>[vc_row][vc_column][\/vc_column][\/vc_row][vc_row][vc_column width=\u00bb1\/4&#8243;][vc_single_image image=\u00bb1036&#8243; img_size=\u00bbfull\u00bb css_animation=\u00bbfadeInLeft\u00bb css=\u00bb.vc_custom_1483490677247{padding-top: 20px !important;}\u00bb][\/vc_column][vc_column width=\u00bb3\/4&#8243;][vc_column_text] Estados Financieros Sistema de Gesti\u00f3n Entrega herramientas para la administraci\u00f3n eficiente y completa de las actividades centrales del negocio de la [&hellip;]<\/p>\n","protected":false},"author":1,"featured_media":0,"parent":0,"menu_order":0,"comment_status":"closed","ping_status":"closed","template":"tpl\/front-page.php","meta":{"footnotes":""},"class_list":["post-1029","page","type-page","status-publish","hentry"],"_links":{"self":[{"href":"http:\/\/www.valmeyerfca.cl\/gestioninmobiliarias\/wp-json\/wp\/v2\/pages\/1029","targetHints":{"allow":["GET"]}}],"collection":[{"href":"http:\/\/www.valmeyerfca.cl\/gestioninmobiliarias\/wp-json\/wp\/v2\/pages"}],"about":[{"href":"http:\/\/www.valmeyerfca.cl\/gestioninmobiliarias\/wp-json\/wp\/v2\/types\/page"}],"author":[{"embeddable":true,"href":"http:\/\/www.valmeyerfca.cl\/gestioninmobiliarias\/wp-json\/wp\/v2\/users\/1"}],"replies":[{"embeddable":true,"href":"http:\/\/www.valmeyerfca.cl\/gestioninmobiliarias\/wp-json\/wp\/v2\/comments?post=1029"}],"version-history":[{"count":74,"href":"http:\/\/www.valmeyerfca.cl\/gestioninmobiliarias\/wp-json\/wp\/v2\/pages\/1029\/revisions"}],"predecessor-version":[{"id":1408,"href":"http:\/\/www.valmeyerfca.cl\/gestioninmobiliarias\/wp-json\/wp\/v2\/pages\/1029\/revisions\/1408"}],"wp:attachment":[{"href":"http:\/\/www.valmeyerfca.cl\/gestioninmobiliarias\/wp-json\/wp\/v2\/media?parent=1029"}],"curies":[{"name":"wp","href":"https:\/\/api.w.org\/{rel}","templated":true}]}}