{"id":1142,"date":"2017-01-03T16:45:50","date_gmt":"2017-01-03T16:45:50","guid":{"rendered":"http:\/\/www.valmeyerfca.cl\/gestioninmobiliarias\/?page_id=1142"},"modified":"2017-01-04T03:06:03","modified_gmt":"2017-01-04T03:06:03","slug":"factibilidad-presupuesto","status":"publish","type":"page","link":"http:\/\/www.valmeyerfca.cl\/gestioninmobiliarias\/factibilidad-presupuesto\/","title":{"rendered":"Factibilidad &#038; Presupuesto"},"content":{"rendered":"<section class=\"wpb-content-wrapper\"><p>[vc_row][vc_column]\n\t\t<div class=\"flat-spacer \" data-desktop=\"80\" data-mobile=\"40\" data-smobile=\"30\">\t\t\t\n\t\t<\/div>[\/vc_column][\/vc_row][vc_row][vc_column width=\u00bb2\/3&#8243;][vc_column_text]<\/p>\n<h3>Contabilidad General y Control Presupuestario<\/h3>\n<p>Una completa y flexible soluci\u00f3n para el registro contable. Conjuga el ingreso tradicional y actualizaci\u00f3n de comprobantes contables con un poderoso sistema de reportes y an\u00e1lisis financieros. Est\u00e1 dise\u00f1ado para cumplir con las necesidades de m\u00faltiples empresas y centros de costos consolidados a trav\u00e9s de una sola contabilidad.<\/p>\n<p>[\/vc_column_text][vc_message message_box_color=\u00bbturquoise\u00bb icon_type=\u00bbpixelicons\u00bb css_animation=\u00bbfadeInLeft\u00bb icon_pixelicons=\u00bbvc_pixel_icon vc_pixel_icon-tick\u00bb]El manejo de Proyectos mantiene en tiempo real el avance del mismo.[\/vc_message][\/vc_column][vc_column width=\u00bb1\/3&#8243;][vc_single_image image=\u00bb1143&#8243; img_size=\u00bb300&#215;200&#8243; style=\u00bbvc_box_shadow_border\u00bb css_animation=\u00bbfadeInRight\u00bb css=\u00bb.vc_custom_1483464180309{padding-top: 30px !important;}\u00bb][\/vc_column][\/vc_row][vc_row][vc_column][\/vc_column][\/vc_row][vc_row][vc_column width=\u00bb1\/4&#8243;][vc_single_image image=\u00bb1149&#8243; img_size=\u00bb300&#215;200&#8243; style=\u00bbvc_box_shadow_border\u00bb css_animation=\u00bbfadeInLeft\u00bb css=\u00bb.vc_custom_1483464285645{padding-top: 70px !important;}\u00bb][\/vc_column][vc_column width=\u00bb3\/4&#8243;][vc_column_text]<\/p>\n<h3>Control de Proyectos<\/h3>\n<p>&#8211; Defina y controle detalladamente los proyectos de su empresa.<br \/>\n&#8211; Administraci\u00f3n de Proyectos.<br \/>\n&#8211; El M\u00f3dulo realiza las funciones para ejecutar un control de los mismos, conservando informaci\u00f3n tanto general como detallada de estos, permitiendo una generaci\u00f3n de Estado de Avance, cuyo objetivo es mantener la situaci\u00f3n de sus proyectos con sus respectivos saldos acumulados por cuentas presupuestarias, en control con la factibilidad proyectada del negocio. Adem\u00e1s tiene la potencialidad de generar una variada gama de \u00fatiles reportes, utilizando las herramientas del M\u00f3dulo, f\u00e1cil de manejar y aprender por los diversos empleados y colaboradores de su compa\u00f1\u00eda.<br \/>\n&#8211; El dise\u00f1o flexible del m\u00f3dulo de Proyectos le permite operar exitosamente de manera integrada con los M\u00f3dulos de Contabilidad General, ofreci\u00e9ndole as\u00ed, las m\u00e1ximas ventajas de velocidad de informaci\u00f3n y la mayor eficiencia en registro de datos y operaciones de procesamiento.[\/vc_column_text][\/vc_column][\/vc_row][vc_row][vc_column][vc_message message_box_color=\u00bbalert-info\u00bb icon_type=\u00bbpixelicons\u00bb css_animation=\u00bbfadeInRight\u00bb icon_pixelicons=\u00bbvc_pixel_icon vc_pixel_icon-tick\u00bb]* Control de los proyectos a trav\u00e9s del ciclo de mantenci\u00f3n de proyectos. Estos pueden ser asignados a un plan de cuentas presupuestario, \u00cdtems de presupuesto y flujo efectivo de caja si se le asocia presupuesto y evaluaci\u00f3n del proyecto inicial.<br \/>\n* Registro de actividades asociadas al proyecto.<br \/>\n* Contempla las funciones de control al detalle que el usuario determine en la incorporaci\u00f3n de etapas, insumos y presupuestos.[\/vc_message][\/vc_column][\/vc_row][vc_row][vc_column][vc_separator css=\u00bb.vc_custom_1483071290899{padding-top: 20px !important;padding-bottom: 20px !important;}\u00bb][\/vc_column][\/vc_row][vc_row][vc_column width=\u00bb1\/4&#8243;][vc_single_image image=\u00bb1039&#8243; img_size=\u00bblarge\u00bb css_animation=\u00bbfadeInLeft\u00bb css=\u00bb.vc_custom_1483497271709{padding-top: 80px !important;}\u00bb][\/vc_column][vc_column width=\u00bb3\/4&#8243;][vc_custom_heading text=\u00bbPrincipales Caracter\u00edsticas\u00bb font_container=\u00bbtag:h3|text_align:left\u00bb use_theme_fonts=\u00bbyes\u00bb css=\u00bb.vc_custom_1483464770580{padding-bottom: 20px !important;}\u00bb][vc_column_text]Uso de cubos multidimensionales para un an\u00e1lisis interactivo de la informaci\u00f3n financiera, adicionado a la generaci\u00f3n todos los reportes financieros tradicionales.<br \/>\nIntegra un completo sistema de Conciliaci\u00f3n Bancaria (Flujos de Caja Proyectados y Flujo efectivo).<br \/>\nProcesamiento autom\u00e1tico de vouchers peri\u00f3dicos.<br \/>\nFacilidades para definir informes personalizados.<br \/>\nLocalizaci\u00f3n de costos y reportes por centro de costos sin restricci\u00f3n.<br \/>\nUn sencillo y amplio manejo de Activos Fijos.<br \/>\nCompleto sistema de auditor\u00eda para todas las transacciones contables.<br \/>\nCapacidad para recuperar informaci\u00f3n desde planillas de c\u00e1lculo y procesadores de texto.[\/vc_column_text][\/vc_column][\/vc_row][vc_row][vc_column][vc_separator css=\u00bb.vc_custom_1483071290899{padding-top: 20px !important;padding-bottom: 20px !important;}\u00bb][\/vc_column][\/vc_row][vc_row][vc_column css_animation=\u00bbfadeInLeft\u00bb width=\u00bb1\/3&#8243;]<div class=\"iconbox   \">\n\t\t<div class=\"box-header\">\n\t\t\t<div class=\"box-icon\"><span class=\"ion-ios-keypad\"><\/span><\/div>\n\t\t\t<h2 class=\"box-title\">Multiples Compa\u00f1\u00edas y Per\u00edodos<\/h2>\n\t\t\t\n\t\t<\/div>\n\t\t<div class=\"box-content\">\n\t\t\tSon posibles consolidaciones de las distintas compa\u00f1ias, con reportes selectivos a todo nivel. El Plan de Cuentas puede ser duplicado y modificado para mayor facilidad en la etapa de creaci\u00f3n. Es posible abrir m\u00faltiples a\u00f1os fiscales y per\u00edodos para ser procesados concurrentemente, per\u00edodos pendientes o ajustes a fin de a\u00f1o. Maneja m\u00faltiples per\u00edodos fiscales, con un plan de cuentas flexible, para una mejor mantenci\u00f3n.\n\t\t\t\n\t\t<\/div>\n\t<\/div>[\/vc_column][vc_column css_animation=\u00bbfadeInUp\u00bb width=\u00bb1\/3&#8243;]<div class=\"iconbox   \">\n\t\t<div class=\"box-header\">\n\t\t\t<div class=\"box-icon\"><span class=\"ion-android-calendar\"><\/span><\/div>\n\t\t\t<h3 class=\"box-title\">Finalizacion de Per\u00edodos Sencillas<\/h3>\n\t\t\t\n\t\t<\/div>\n\t\t<div class=\"box-content\">\n\t\t\tDespu\u00e9s de la emisi\u00f3n de un balance de prueba y una revisi\u00f3n de los estados de Ganancia y P\u00e9rdidas, el cierre de un per\u00edodo es simple: una sencilla operaci\u00f3n y todas las cuentas de mayor son actualizadas para la consolidaci\u00f3n final.\n\t\t\t\n\t\t<\/div>\n\t<\/div>[\/vc_column][vc_column css_animation=\u00bbfadeInRight\u00bb width=\u00bb1\/3&#8243;]<div class=\"iconbox   square\">\n\t\t<div class=\"box-header\">\n\t\t\t<div class=\"box-icon\"><span class=\"ion-ios-paper\"><\/span><\/div>\n\t\t\t<h2 class=\"box-title\">Reportes Sin L\u00edmite<\/h2>\n\t\t\t\n\t\t<\/div>\n\t\t<div class=\"box-content\">\n\t\t\t<\/p>\n<p style=\"text-align: left\">Generador de informes pre establecidos que le permite al usuario definir el contenido y el formato de informaciones como: presupuesto anual, Flujos efectivos de Caja, Estados Financieros m\u00faltiples, presupuesto a la fecha y su desviaci\u00f3n, utilizando divisiones y desgloses por \u00e1reas y departamentos, empresas, per\u00edodos y\/o a\u00f1os.<\/p>\n<p>\n\t\t\t\n\t\t<\/div>\n\t<\/div>[\/vc_column][\/vc_row][vc_row][vc_column][vc_separator css=\u00bb.vc_custom_1483071290899{padding-top: 20px !important;padding-bottom: 20px !important;}\u00bb][\/vc_column][\/vc_row][vc_row][vc_column][vc_message message_box_color=\u00bbpeacoc\u00bb icon_type=\u00bbpixelicons\u00bb css_animation=\u00bbfadeInUp\u00bb icon_pixelicons=\u00bbvc_pixel_icon vc_pixel_icon-tick\u00bb]El manejo de Proyectos mantiene en tiempo real el avance del mismo.[\/vc_message][\/vc_column][\/vc_row][vc_row][vc_column][vc_separator css=\u00bb.vc_custom_1483074444191{padding-top: 50px !important;padding-bottom: 20px !important;}\u00bb][\/vc_column][\/vc_row][vc_row][vc_column][vc_custom_heading text=\u00bbModelos de Factibilidad &amp; Presupuesto\u00bb font_container=\u00bbtag:h3|text_align:center\u00bb use_theme_fonts=\u00bbyes\u00bb][vc_custom_heading text=\u00bb(click para ampliar)\u00bb font_container=\u00bbtag:h5|text_align:center\u00bb use_theme_fonts=\u00bbyes\u00bb css=\u00bb.vc_custom_1483075812886{padding-bottom: 50px !important;}\u00bb][\/vc_column][\/vc_row][vc_row][vc_column][vc_media_grid element_width=\u00bb2&#8243; gap=\u00bb30&#8243; item=\u00bbmediaGrid_FadeInWithIcon\u00bb grid_id=\u00bbvc_gid:1483499457529-4d07e0ab-4901-9&#8243; include=\u00bb1161,1162,1163,1164,1165,1166,1167,1168,1169,1170&#8243;][\/vc_column][\/vc_row]<\/p>\n<\/section>","protected":false},"excerpt":{"rendered":"<p>[vc_row][vc_column][\/vc_column][\/vc_row][vc_row][vc_column width=\u00bb2\/3&#8243;][vc_column_text] Contabilidad General y Control Presupuestario Una completa y flexible soluci\u00f3n para el registro contable. Conjuga el ingreso tradicional y actualizaci\u00f3n de comprobantes contables con un poderoso sistema de [&hellip;]<\/p>\n","protected":false},"author":1,"featured_media":0,"parent":0,"menu_order":0,"comment_status":"closed","ping_status":"closed","template":"tpl\/front-page.php","meta":{"footnotes":""},"class_list":["post-1142","page","type-page","status-publish","hentry"],"_links":{"self":[{"href":"http:\/\/www.valmeyerfca.cl\/gestioninmobiliarias\/wp-json\/wp\/v2\/pages\/1142","targetHints":{"allow":["GET"]}}],"collection":[{"href":"http:\/\/www.valmeyerfca.cl\/gestioninmobiliarias\/wp-json\/wp\/v2\/pages"}],"about":[{"href":"http:\/\/www.valmeyerfca.cl\/gestioninmobiliarias\/wp-json\/wp\/v2\/types\/page"}],"author":[{"embeddable":true,"href":"http:\/\/www.valmeyerfca.cl\/gestioninmobiliarias\/wp-json\/wp\/v2\/users\/1"}],"replies":[{"embeddable":true,"href":"http:\/\/www.valmeyerfca.cl\/gestioninmobiliarias\/wp-json\/wp\/v2\/comments?post=1142"}],"version-history":[{"count":21,"href":"http:\/\/www.valmeyerfca.cl\/gestioninmobiliarias\/wp-json\/wp\/v2\/pages\/1142\/revisions"}],"predecessor-version":[{"id":1411,"href":"http:\/\/www.valmeyerfca.cl\/gestioninmobiliarias\/wp-json\/wp\/v2\/pages\/1142\/revisions\/1411"}],"wp:attachment":[{"href":"http:\/\/www.valmeyerfca.cl\/gestioninmobiliarias\/wp-json\/wp\/v2\/media?parent=1142"}],"curies":[{"name":"wp","href":"https:\/\/api.w.org\/{rel}","templated":true}]}}